base 3?
120021210021
What is -1110330 (base 8) in base 10?
-299224
Convert 1131054522 (base 6) to base 11.
7161135
Convert -22202021220 (base 3) to base 10.
-172257
-11045041 (base 6) to base 3
-121220121221
What is -9fbe (base 16) in base 11?
-287a7
Convert -22333077 (base 9) to base 8.
-51234203
What is -101111001111000000 (base 2) in base 11?
-1223a4
1520501 (base 6) to base 2
10101100011110101
-3132332002 (base 4) to base 5
-213211112
What is 381126 (base 11) in base 9?
1116413
-958bcd (base 16) to base 3
-200102220222011
What is 84371 (base 10) in base 8?
244623
-79785 (base 11) to base 9
-185268
What is d4300 (base 14) in base 10?
510972
-100001130023 (base 4) to base 15
-57e788
Convert 8c5b4 (base 15) to base 13.
12849a
Convert -121320210303 (base 4) to base 10.
-6785331
Convert 96209d (base 15) to base 6.
413050451
What is -8930 (base 15) in base 8?
-70616
Convert 100011110000000110110 (base 2) to base 16.
11e036
Convert -144554134 (base 7) to base 2.
-100100101110010110101111
1021102120120 (base 3) to base 6
22305153
What is 3592 (base 14) in base 5?
244330
-1454858 (base 9) to base 12
-32938b
30214355 (base 7) to base 8
11442653
-1c448c (base 14) to base 12
-408a90
bb9c9 (base 14) to base 10
454701
1003300203 (base 4) to base 15
57379
156760 (base 11) to base 6
5113415
What is -4005254 (base 6) in base 16?
-2dda2
10111101101101 (base 2) to base 6
132113
-417b (base 13) to base 6
-105535
What is 110612060 (base 7) in base 4?
121201313123
74724773 (base 8) to base 16
f3a9fb
What is -1464612 (base 7) in base 4?
-301003332
11dc3f (base 16) to base 11
72a457
What is 1001221200222200 (base 3) in base 2?
111010101100011010011001
187843 (base 10) to base 6
4005351
What is -1eb6eb (base 16) in base 3?
-10210021012010
-30301 (base 6) to base 5
-111442
Convert -375702 (base 10) to base 6.
-12015210
Convert a2899a (base 11) to base 4.
12103032312
What is -100110110110000010110001 (base 2) in base 8?
-46660261
Convert 1111101011001110101 (base 2) to base 15.
a22d8
Convert 2c466a0 (base 13) to base 10.
14237704
Convert -232bb (base 13) to base 6.
-1213125
-10936 (base 11) to base 8
-36631
What is 1021212 (base 8) in base 14?
70a82
Convert 256888 (base 9) to base 7.
1216553
1211010111122 (base 3) to base 2
11101100000101101110
Convert -3052021 (base 7) to base 5.
-43200103
Convert -13622c (base 13) to base 16.
-72e06
What is 2452618 (base 9) in base 14?
26a148
2c9928b (base 13) to base 12
4999575
What is 3334b46 (base 12) in base 2?
100101010010100001100110
-438b (base 16) to base 14
-6431
What is 12103605 (base 7) in base 13?
2b9284
What is 2c56c (base 15) in base 4?
202322001
Convert 4532725 (base 8) to base 7.
13264630
Convert -351105004 (base 6) to base 4.
-120301131130
Convert 426665 (base 9) to base 5.
31113422
Convert -410403451 (base 6) to base 14.
-d10103
What is -177288 (base 10) in base 6?
-3444440
671035 (base 9) to base 2
1100001111001010110
110140256 (base 7) to base 3
110110001221002
What is -302355211 (base 6) in base 3?
-100201022110221
21bb79 (base 14) to base 7
12513412
-5512400 (base 6) to base 10
-274032
Convert 84325 (base 11) to base 15.
265e7
1304100455 (base 6) to base 12
516472b
-89146 (base 11) to base 14
-35182
Convert -51412 (base 11) to base 3.
-10210221000
2320001130 (base 4) to base 6
24053340
4102264 (base 8) to base 10
1082548
What is -31434114 (base 5) in base 12?
-109379
Convert 14198917 (base 10) to base 7.
231455155
Convert 12231003 (base 6) to base 2.
1011111111011001011
What is 13513554 (base 6) in base 5?
104222232
-11101210111 (base 3) to base 8
-251112
-3541131 (base 7) to base 2
-1101101001000011000
230472 (base 8) to base 9
128160
What is -176674 (base 8) in base 7?
-360243
Convert -11101123303 (base 4) to base 6.
-45342431
What is 1411112414 (base 5) in base 8?
15621454
What is 320433222 (base 5) in base 10?
1342937
10001110110010010101 (base 2) to base 7
4654053
2143323 (base 6) to base 13
39951
1232333213 (base 4) to base 7
3602312
Convert -17929 (base 10) to base 13.
-8212
Convert -10000010011101001110 (base 2) to base 10.
-534350
-3a33 (base 16) to base 13
-6a21
Convert -130202301302 (base 4) to base 6.
-424213042
What is -2b4a09 (base 12) in base 11?
-461613
Convert 219121 (base 10) to base 16.
357f1
What is -110201002 (base 3) in base 16?
-242f
Convert -202100011200021 (base 3) to base 7.
-160610134
Convert -2043262 (base 7) to base 3.
-110111112211
What is -8824927 (base 11) in base 10?
-15496620
What is -281881 (base 11) in base 13?
-126018
-10222786 (base 9) to base 12
-17910b0
Convert -11820 (base 16) to base 8.
-214040
-25042565 (base 7) to base 11
-12a442a
12021012301 (base 4) to base 5
403011121
-303664 (base 9) to base 3
-100010202011
What is 4c4d3 (base 15) in base 10?
244098
-12201012210 (base 3) to base 4
-123130212
-168d (base 16) to base 11
-4379
Convert -eae9 (base 16) to base 12.
-2a975
Convert -13103332 (base 4) to base 14.
-acb4
-1192c9 (base 14) to base 9
-1116088
-230311120 (base 4) to base 3
-100022220111
Convert -2441141 (base 5) to base 16.
-b555
613066 (base 7) to base 4
121132000
46723412 (base 8) to base 13
2162102
9c65 (base 16) to base 9
60825
What is -238864 (base 10) in base 16?
-3a510
Convert -981296 (base 12) to base 11.
-13a4882
-173a97 (base 11) to base 13
-954a7
What is -41bbaa (base 12) in base 14?
-1cdba2
Convert 31433231 (base 5) to base 8.
1005160
Convert -303330313 (base 4) to base 15.
-430b1
Convert -1766147 (base 9) to base 4.
-3301113220
What is -124121253 (base 6) in base 2?
-1001010010111011000001
What is -11432213 (base 5) in base 8?
-323621
-1a1a5 (base 12) to base 6
-453125
3841627 (base 9) to base 6
112515211
Convert 302213220 (base 4) to base 15.
41676
Convert -23411031 (base 5) to base 16.
-34d47
Convert -3101211330 (base 4) to base 14.
-184c0c
What is -1151144 (base 7) in base 4?
-203313011
2831286 (base 11) to base 6
252311132
What is -1b8ab1 (base 12) in base 3?
-221000100021
30312 (base 6) to base 9
5438
What is 2012211133 (base 4) in base 13?
163bbb
Convert -1010000110111011011100 (base 2) to base 11.
-154a938
20100121212 (base 3) to base 15
2710e
Convert 27265b (base 12) to base 8.
2360047
Convert -3360a (base 14) to base 7.
-1026313
Convert -145d9 (base 16) to base 8.
-242731
What is 1473d2 (base 16) in base 5?
320342440
Convert 3421555 (base 9) to base 13.
4c7918
-6881585 (base 9) to base 6
-211341505
-1042020303 (base 5) to base 2
-1000110001000101011011
What is -509a7 (base 14) in base 10?
-193991
-9731a5 (base 12) to base 15
-323298
Convert 71e4b (base 16) to base 14.
c201d
-329846 (base 10) to base 8
-1204166
Convert -145798 (base 10) to base 3.
-21101222221
What is -2680 (base 16) in base 14?
-3840
-56824 (base 9) to base 16
-93d9
2302130 (base 6) to base 3
12221200000
What is -44c70 (base 14) in base 8?
-506262
What is 10111011100001011111 (base 2) in base 16?
bb85f
What is -1100110011101101000 (base 2) in base 12?
-182a60
What is 212201011210 (base 3) in base 9?
781153
Convert 51002254 (base 6) to base 4.
11201033122
What is 6c205 (base 13) in base 16?
305b9
Convert 21211102121121 (base 3) to base 2.
1111111000000000101100
-141592b (base 13) to base 12
-2164679
20216333 (base 7) to base 12
693382
What is -21201433 (base 5) in base 16?
-2b8c0
What is -30221103 (base 4) in base 12?
-25b83
-1315319 (base 10) to base 16
-1411f7
Convert -101011011111101101000011 (base 2) to base 4.
-223133231003
Convert -657644 (base 8) to base 9.
-366247
116660 (base 9) to base 7
412416
What is 111000010101010000100 (base 2) in base 3?
10110210002101
1a311c (base 14) to base 13
267672
What is 56718 (base 13) in base 8?
463007
141741 (base 9) to base 3
11101211101
-23998b (base 12) to base 7
-4621466
-59580 (base 11) to base 9
-140718
What is -100101011111101110100 (base 2) in base 5?
-303304120
Convert 193b1 (base 13) to base 8.
137531
108790 (base 11) to base 12
83ab1
861ab5 (base 16) to base 13
1a893bb
What is -288180 (base 10) in base 8?
-1062664
Convert 113410442 (base 6) to base 2.
1000001000100001111010
What is 9607778 (base 10) in base 13?
1cb519b
What is 377114 (base 8) in base 11?
8a170
What is -3209796 (base 10) in base 12?
-10a9630
Convert -219690 (base 11) to base 14.
-91559
What is 858735 (base 9) in base 10?
511628
-2868317 (base 9) to